{"id":103,"date":"2019-05-02T06:54:53","date_gmt":"2019-05-02T06:54:53","guid":{"rendered":"https:\/\/allgemeinmedizin-waibstadt.de\/faqs"},"modified":"2023-06-30T12:21:15","modified_gmt":"2023-06-30T12:21:15","slug":"faqs","status":"publish","type":"page","link":"https:\/\/allgemeinmedizin-waibstadt.de\/?page_id=103","title":{"rendered":"FAQs"},"content":{"rendered":"\t\t<div data-elementor-type=\"wp-post\" data-elementor-id=\"103\" class=\"elementor elementor-103\">\n\t\t\t\t\t\t\t\t\t<section class=\"elementor-section elementor-top-section elementor-element elementor-element-66f770d elementor-section-boxed elementor-section-height-default elementor-section-height-default\" data-id=\"66f770d\" data-element_type=\"section\">\n\t\t\t\t\t\t<div class=\"elementor-container elementor-column-gap-default\">\n\t\t\t\t\t<div class=\"elementor-column elementor-col-100 elementor-top-column elementor-element elementor-element-179e3b9\" data-id=\"179e3b9\" data-element_type=\"column\">\n\t\t\t<div class=\"elementor-widget-wrap elementor-element-populated\">\n\t\t\t\t\t\t\t\t<div class=\"elementor-element elementor-element-3f952c9 elementor-widget elementor-widget-heading\" data-id=\"3f952c9\" data-element_type=\"widget\" data-widget_type=\"heading.default\">\n\t\t\t\t<div class=\"elementor-widget-container\">\n\t\t\t<h3 class=\"elementor-heading-title elementor-size-default\">Was ben\u00f6tige ich f\u00fcr einen Arztbesuch?<\/h3>\t\t<\/div>\n\t\t\t\t<\/div>\n\t\t\t\t<div class=\"elementor-element elementor-element-99e91a2 elementor-widget elementor-widget-text-editor\" data-id=\"99e91a2\" data-element_type=\"widget\" data-widget_type=\"text-editor.default\">\n\t\t\t\t<div class=\"elementor-widget-container\">\n\t\t\t\t\t\t\t<ul><li>Die aktuelle Versichertenkarte<\/li><li>Vorhandene Facharztbefunde<\/li><li>Impfpass<\/li><li>Medikamentenplan, Medikamentenliste oder Verpackung mitnehmen<\/li><\/ul>\t\t\t\t\t\t<\/div>\n\t\t\t\t<\/div>\n\t\t\t\t\t<\/div>\n\t\t<\/div>\n\t\t\t\t\t\t\t<\/div>\n\t\t<\/section>\n\t\t\t\t<section class=\"elementor-section elementor-top-section elementor-element elementor-element-a42a5a2 elementor-section-boxed elementor-section-height-default elementor-section-height-default\" data-id=\"a42a5a2\" data-element_type=\"section\">\n\t\t\t\t\t\t<div class=\"elementor-container elementor-column-gap-default\">\n\t\t\t\t\t<div class=\"elementor-column elementor-col-100 elementor-top-column elementor-element elementor-element-67ab22f\" data-id=\"67ab22f\" data-element_type=\"column\">\n\t\t\t<div class=\"elementor-widget-wrap elementor-element-populated\">\n\t\t\t\t\t\t\t\t<div class=\"elementor-element elementor-element-d06d4bf elementor-widget elementor-widget-heading\" data-id=\"d06d4bf\" data-element_type=\"widget\" data-widget_type=\"heading.default\">\n\t\t\t\t<div class=\"elementor-widget-container\">\n\t\t\t<h3 class=\"elementor-heading-title elementor-size-default\">Muss ich immer pers\u00f6nlich vorbeikommen, wenn ich ein Rezept oder eine \u00dcberweisung ben\u00f6tige?\u200b<\/h3>\t\t<\/div>\n\t\t\t\t<\/div>\n\t\t\t\t<div class=\"elementor-element elementor-element-0e122fd elementor-widget elementor-widget-text-editor\" data-id=\"0e122fd\" data-element_type=\"widget\" data-widget_type=\"text-editor.default\">\n\t\t\t\t<div class=\"elementor-widget-container\">\n\t\t\t\t\t\t\t<ul><li>Registrieren Sie sich bitte \u00fcber die <a href=\"https:\/\/app-zum-doc.de\/App-im-Store.html\" target=\"_blank\" rel=\"noopener\">App zum Doc<\/a>. Dort k\u00f6nnen Sie problemlos \u00dcberweisungen und Rezepte bestellen.<\/li><li>Nach der Installation der App geben Sie folgende Daten ein zur Verifikation unserer Praxis:<br \/>Ort der Arztpraxis: Waibstadt<br \/>Name des Arztes: Aldanmaz<\/li><li>Sie k\u00f6nnen dort \u00fcber ihren Account Rezepte und \u00dcberweisungen f\u00fcr sich und ihre Familienangeh\u00f6rigen bestellen.<\/li><\/ul>\t\t\t\t\t\t<\/div>\n\t\t\t\t<\/div>\n\t\t\t\t\t<\/div>\n\t\t<\/div>\n\t\t\t\t\t\t\t<\/div>\n\t\t<\/section>\n\t\t\t\t<section class=\"elementor-section elementor-top-section elementor-element elementor-element-4405cea elementor-section-boxed elementor-section-height-default elementor-section-height-default\" data-id=\"4405cea\" data-element_type=\"section\">\n\t\t\t\t\t\t<div class=\"elementor-container elementor-column-gap-default\">\n\t\t\t\t\t<div class=\"elementor-column elementor-col-100 elementor-top-column elementor-element elementor-element-ab3fd01\" data-id=\"ab3fd01\" data-element_type=\"column\">\n\t\t\t<div class=\"elementor-widget-wrap elementor-element-populated\">\n\t\t\t\t\t\t\t\t<div class=\"elementor-element elementor-element-dc606fc elementor-widget elementor-widget-heading\" data-id=\"dc606fc\" data-element_type=\"widget\" data-widget_type=\"heading.default\">\n\t\t\t\t<div class=\"elementor-widget-container\">\n\t\t\t<h3 class=\"elementor-heading-title elementor-size-default\">Kann ich meine Rezepte direkt durch die Praxis an die Apotheke meiner Wahl schicken lassen? <\/h3>\t\t<\/div>\n\t\t\t\t<\/div>\n\t\t\t\t<div class=\"elementor-element elementor-element-3c243fd elementor-widget elementor-widget-text-editor\" data-id=\"3c243fd\" data-element_type=\"widget\" data-widget_type=\"text-editor.default\">\n\t\t\t\t<div class=\"elementor-widget-container\">\n\t\t\t\t\t\t\t<ul><li>Ja, dies ist m\u00f6glich zu folgenden Apotheken, wenn die Versichertenkarte im aktuellen Quartal bereits vorliegt:<\/li><\/ul><ol><li><a href=\"https:\/\/www.schwarzbach-apotheke-waibstadt.de\/\" target=\"_blank\" rel=\"noopener\">Schwarzbachapotheke <\/a>in Waibstadt<\/li><li><a href=\"https:\/\/www.stadt-apotheke-neckarbischofsheim.de\/\" target=\"_blank\" rel=\"noopener\">Stadt-Apotheke<\/a> in Neckarbischofsheim<\/li><li><a href=\"https:\/\/www.schloss-apotheke-eschelbronn.de\/\" target=\"_blank\" rel=\"noopener\">Schloss-Apotheke<\/a> in Eschelbronn<\/li><li><a href=\"https:\/\/www.schildwach-apotheke.de\/\" target=\"_blank\" rel=\"noopener\">Schildwach-Apotheke<\/a> in Epfenbach<\/li><li><a href=\"https:\/\/www.raban-apotheke.de\" target=\"_blank\" rel=\"noopener\">Raban-Apotheke<\/a> in Helmstadt<\/li><li><a href=\"https:\/\/www.ansbach-apotheke.de\/\" target=\"_blank\" rel=\"noopener\">Ansbach-Apotheke<\/a> in Sinsheim-Steinsfurt<\/li><li>Bahnhof-Apotheke in Sinsheim<\/li><\/ol>\t\t\t\t\t\t<\/div>\n\t\t\t\t<\/div>\n\t\t\t\t\t<\/div>\n\t\t<\/div>\n\t\t\t\t\t\t\t<\/div>\n\t\t<\/section>\n\t\t\t\t<section class=\"elementor-section elementor-top-section elementor-element elementor-element-188fd04 elementor-section-boxed elementor-section-height-default elementor-section-height-default\" data-id=\"188fd04\" data-element_type=\"section\">\n\t\t\t\t\t\t<div class=\"elementor-container elementor-column-gap-default\">\n\t\t\t\t\t<div class=\"elementor-column elementor-col-100 elementor-top-column elementor-element elementor-element-5464733\" data-id=\"5464733\" data-element_type=\"column\">\n\t\t\t<div class=\"elementor-widget-wrap elementor-element-populated\">\n\t\t\t\t\t\t\t\t<div class=\"elementor-element elementor-element-d79ba6f elementor-widget elementor-widget-heading\" data-id=\"d79ba6f\" data-element_type=\"widget\" data-widget_type=\"heading.default\">\n\t\t\t\t<div class=\"elementor-widget-container\">\n\t\t\t<h3 class=\"elementor-heading-title elementor-size-default\">Ich nehme teil an der hausarztzentrierten Versorgung und auch am Facharztprogramm. Wie finde ich am besten eine Liste aller Fach\u00e4rzte?<\/h3>\t\t<\/div>\n\t\t\t\t<\/div>\n\t\t\t\t<div class=\"elementor-element elementor-element-95f2144 elementor-widget elementor-widget-text-editor\" data-id=\"95f2144\" data-element_type=\"widget\" data-widget_type=\"text-editor.default\">\n\t\t\t\t<div class=\"elementor-widget-container\">\n\t\t\t\t\t\t\t<ul><li>Am einfachsten finden Sie eine \u00dcbersicht aller am Facharztprogramm teilnehmenden \u00c4rzte auf der <a href=\"https:\/\/www.medi-arztsuche.de\/facharzt\" target=\"_blank\" rel=\"noopener\">Homepage des Medi-Verbundes.<\/a><\/li><\/ul>\t\t\t\t\t\t<\/div>\n\t\t\t\t<\/div>\n\t\t\t\t\t<\/div>\n\t\t<\/div>\n\t\t\t\t\t\t\t<\/div>\n\t\t<\/section>\n\t\t\t\t<section class=\"elementor-section elementor-top-section elementor-element elementor-element-7d56497 elementor-section-boxed elementor-section-height-default elementor-section-height-default\" data-id=\"7d56497\" data-element_type=\"section\">\n\t\t\t\t\t\t<div class=\"elementor-container elementor-column-gap-default\">\n\t\t\t\t\t<div class=\"elementor-column elementor-col-100 elementor-top-column elementor-element elementor-element-199f126\" data-id=\"199f126\" data-element_type=\"column\">\n\t\t\t<div class=\"elementor-widget-wrap elementor-element-populated\">\n\t\t\t\t\t\t\t\t<div class=\"elementor-element elementor-element-58526a3 elementor-widget elementor-widget-heading\" data-id=\"58526a3\" data-element_type=\"widget\" data-widget_type=\"heading.default\">\n\t\t\t\t<div class=\"elementor-widget-container\">\n\t\t\t<h3 class=\"elementor-heading-title elementor-size-default\">Sie oder ein Angeh\u00f6riger haben die Diagnose einer schweren unheilbaren Krankheit erhalten und ben\u00f6tigen Unterst\u00fctzung? <\/h3>\t\t<\/div>\n\t\t\t\t<\/div>\n\t\t\t\t<div class=\"elementor-element elementor-element-f8b99f0 elementor-widget elementor-widget-text-editor\" data-id=\"f8b99f0\" data-element_type=\"widget\" data-widget_type=\"text-editor.default\">\n\t\t\t\t<div class=\"elementor-widget-container\">\n\t\t\t\t\t\t\t<p>Wenden Sie sich gerne an uns oder direkt an das <a href=\"https:\/\/www.kraichgau-hospiz.de\" target=\"_blank\" rel=\"noopener\">ambulante Hospizteam<\/a> in Sinsheim!\u00a0<\/p>\t\t\t\t\t\t<\/div>\n\t\t\t\t<\/div>\n\t\t\t\t\t<\/div>\n\t\t<\/div>\n\t\t\t\t\t\t\t<\/div>\n\t\t<\/section>\n\t\t\t\t<section class=\"elementor-section elementor-top-section elementor-element elementor-element-083eadd elementor-section-boxed elementor-section-height-default elementor-section-height-default\" data-id=\"083eadd\" data-element_type=\"section\">\n\t\t\t\t\t\t<div class=\"elementor-container elementor-column-gap-default\">\n\t\t\t\t\t<div class=\"elementor-column elementor-col-100 elementor-top-column elementor-element elementor-element-02ba635\" data-id=\"02ba635\" data-element_type=\"column\">\n\t\t\t<div class=\"elementor-widget-wrap elementor-element-populated\">\n\t\t\t\t\t\t\t\t<div class=\"elementor-element elementor-element-1855682 elementor-widget elementor-widget-heading\" data-id=\"1855682\" data-element_type=\"widget\" data-widget_type=\"heading.default\">\n\t\t\t\t<div class=\"elementor-widget-container\">\n\t\t\t<h3 class=\"elementor-heading-title elementor-size-default\">Wie verhalte ich mich bei einem positiven Corona-Test?<\/h3>\t\t<\/div>\n\t\t\t\t<\/div>\n\t\t\t\t<div class=\"elementor-element elementor-element-5d88ce8 elementor-widget elementor-widget-text-editor\" data-id=\"5d88ce8\" data-element_type=\"widget\" data-widget_type=\"text-editor.default\">\n\t\t\t\t<div class=\"elementor-widget-container\">\n\t\t\t\t\t\t\t<ul><li>Tragen Sie f\u00fcr mindestens 5 Tage au\u00dferhalb Ihrer Wohnung einen Mund-Nasen-Schutz.<\/li><li>Sollten Sie Krankheitssymptome haben, melden Sie sich bitte telefonisch zwecks Ausstellung einer Krankmeldung.<\/li><li>Kommen Sie bitte NICHT direkt in die Arztpraxis.<\/li><\/ul>\t\t\t\t\t\t<\/div>\n\t\t\t\t<\/div>\n\t\t\t\t\t<\/div>\n\t\t<\/div>\n\t\t\t\t\t\t\t<\/div>\n\t\t<\/section>\n\t\t\t\t\t\t\t<\/div>\n\t\t","protected":false},"excerpt":{"rendered":"<p>Was ben\u00f6tige ich f\u00fcr einen Arztbesuch? Die aktuelle Versichertenkarte Vorhandene Facharztbefunde Impfpass Medikamentenplan, Medikamentenliste oder Verpackung mitnehmen Muss ich immer pers\u00f6nlich vorbeikommen, wenn ich ein Rezept oder eine \u00dcberweisung ben\u00f6tige?\u200b Registrieren Sie sich bitte \u00fcber die App zum Doc. Dort k\u00f6nnen Sie problemlos \u00dcberweisungen und Rezepte bestellen. Nach der Installation der App geben Sie folgende <\/p>\n<div class=\"drchanges-read-more-link-wrap\"><a class=\"drchanges-read-more-link\" href=\"https:\/\/allgemeinmedizin-waibstadt.de\/?page_id=103\">Read More<\/a><\/div>\n","protected":false},"author":1,"featured_media":0,"parent":0,"menu_order":0,"comment_status":"closed","ping_status":"closed","template":"","meta":{"footnotes":""},"class_list":["post-103","page","type-page","status-publish","hentry"],"_links":{"self":[{"href":"https:\/\/allgemeinmedizin-waibstadt.de\/index.php?rest_route=\/wp\/v2\/pages\/103","targetHints":{"allow":["GET"]}}],"collection":[{"href":"https:\/\/allgemeinmedizin-waibstadt.de\/index.php?rest_route=\/wp\/v2\/pages"}],"about":[{"href":"https:\/\/allgemeinmedizin-waibstadt.de\/index.php?rest_route=\/wp\/v2\/types\/page"}],"author":[{"embeddable":true,"href":"https:\/\/allgemeinmedizin-waibstadt.de\/index.php?rest_route=\/wp\/v2\/users\/1"}],"replies":[{"embeddable":true,"href":"https:\/\/allgemeinmedizin-waibstadt.de\/index.php?rest_route=%2Fwp%2Fv2%2Fcomments&post=103"}],"version-history":[{"count":121,"href":"https:\/\/allgemeinmedizin-waibstadt.de\/index.php?rest_route=\/wp\/v2\/pages\/103\/revisions"}],"predecessor-version":[{"id":2767,"href":"https:\/\/allgemeinmedizin-waibstadt.de\/index.php?rest_route=\/wp\/v2\/pages\/103\/revisions\/2767"}],"wp:attachment":[{"href":"https:\/\/allgemeinmedizin-waibstadt.de\/index.php?rest_route=%2Fwp%2Fv2%2Fmedia&parent=103"}],"curies":[{"name":"wp","href":"https:\/\/api.w.org\/{rel}","templated":true}]}}