{"id":96,"date":"2019-04-18T07:43:55","date_gmt":"2019-04-18T07:43:55","guid":{"rendered":"https:\/\/allgemeinmedizin-waibstadt.de\/services"},"modified":"2023-06-15T20:01:27","modified_gmt":"2023-06-15T20:01:27","slug":"unsere-leistungen","status":"publish","type":"page","link":"https:\/\/allgemeinmedizin-waibstadt.de\/?page_id=96","title":{"rendered":"Unsere Leistungen"},"content":{"rendered":"\t\t<div data-elementor-type=\"wp-post\" data-elementor-id=\"96\" class=\"elementor elementor-96\">\n\t\t\t\t\t\t\t\t\t<section class=\"elementor-section elementor-top-section elementor-element elementor-element-8eeaca7 elementor-section-stretched elementor-section-boxed elementor-section-height-default elementor-section-height-default\" data-id=\"8eeaca7\" data-element_type=\"section\" data-settings=\"{&quot;stretch_section&quot;:&quot;section-stretched&quot;,&quot;background_background&quot;:&quot;classic&quot;}\">\n\t\t\t\t\t\t<div class=\"elementor-container elementor-column-gap-no\">\n\t\t\t\t\t<div class=\"elementor-column elementor-col-100 elementor-top-column elementor-element elementor-element-43040ef elementor-invisible\" data-id=\"43040ef\" data-element_type=\"column\" data-settings=\"{&quot;animation&quot;:&quot;opal-move-up&quot;}\">\n\t\t\t<div class=\"elementor-widget-wrap elementor-element-populated\">\n\t\t\t\t\t\t\t\t<div class=\"elementor-element elementor-element-857657c elementor-widget-divider--view-line elementor-widget elementor-widget-divider\" data-id=\"857657c\" data-element_type=\"widget\" data-widget_type=\"divider.default\">\n\t\t\t\t<div class=\"elementor-widget-container\">\n\t\t\t\t\t<div class=\"elementor-divider\">\n\t\t\t<span class=\"elementor-divider-separator\">\n\t\t\t\t\t\t<\/span>\n\t\t<\/div>\n\t\t\t\t<\/div>\n\t\t\t\t<\/div>\n\t\t\t\t<div class=\"elementor-element elementor-element-feb8f17 elementor-widget elementor-widget-heading\" data-id=\"feb8f17\" data-element_type=\"widget\" data-widget_type=\"heading.default\">\n\t\t\t\t<div class=\"elementor-widget-container\">\n\t\t\t<h2 class=\"elementor-heading-title elementor-size-default\">Unsere Leistungen<\/h2>\t\t<\/div>\n\t\t\t\t<\/div>\n\t\t\t\t<div class=\"elementor-element elementor-element-0484e8f elementor-widget elementor-widget-text-editor\" data-id=\"0484e8f\" data-element_type=\"widget\" data-widget_type=\"text-editor.default\">\n\t\t\t\t<div class=\"elementor-widget-container\">\n\t\t\t\t\t\t\t<p>Als internistische Hausarztpraxis bieten wir Ihnen alle Leistungen an, die im Rahmen der kassen\u00e4rztlichen Versorgung vorgesehen sind. Dazu sind wir mit modernster Ger\u00e4te- und Labordiagnostik ausgestattet.<\/p>\t\t\t\t\t\t<\/div>\n\t\t\t\t<\/div>\n\t\t\t\t<div class=\"elementor-element elementor-element-62f8675 layout-icon-center elementor-grid-tablet-2 elementor-grid-mobile-1 elementor-grid-3 elementor-widget elementor-widget-opal-service\" data-id=\"62f8675\" data-element_type=\"widget\" data-widget_type=\"opal-service.default\">\n\t\t\t\t<div class=\"elementor-widget-container\">\n\t\t\t\t<div class=\"widget widget-service\">\r\n\t\t<div class=\"opalservice-recent-service opalservice-rows service-grid_v1\">\r\n\t\t \r\n\t\t\t\t<div class=\"elementor-grid elementor-items-container\">\r\n\t\t\t\t\t\t\t\t\t\t\t<div class=\"column-item  first-child\">\r\n\t\t\t\t\t\t\t\t\t\t\t\t\t\t\t<article itemscope itemtype=\"http:\/\/schema.org\/Service\" class=\"page post-135 opal_service type-opal_service status-publish has-post-thumbnail hentry opalservice_category_service-pediatric-clinic\">\n        <div class=\"service-wrapper\">\n                    <div class=\"entry-header\">\n                                    <div class=\"service-box-image\">\n                        <a href=\"https:\/\/allgemeinmedizin-waibstadt.de\/?opal_service=physical-therapy\" class=\"service-box-image-inner \">\n                            <img loading=\"lazy\" decoding=\"async\" width=\"380\" height=\"320\" src=\"https:\/\/allgemeinmedizin-waibstadt.de\/wp-content\/uploads\/2021\/06\/015-380x320.jpg\" class=\"attachment-drchanges-service-image-custom size-drchanges-service-image-custom wp-post-image\" alt=\"\" \/>                        <\/a>\n                    <\/div>\n                                            <\/div>\n                <div class=\"entry-content\">\n            <h4 class=\"service-title\"><a href=\"https:\/\/allgemeinmedizin-waibstadt.de\/?opal_service=physical-therapy\" rel=\"bookmark\">Allgemeinmedizin<\/a><\/h4>                        <div class=\"service-content\">\n                                    <div class=\"service-description ssss\">\n                        Ansprechpartner f\u00fcr Ihre medizinische Fragestellungen. Read More                    <\/div>\n                                                    <div class=\"service-readmore\">\n                        <a class=\"drchanges-read-more-link\" href=\"https:\/\/allgemeinmedizin-waibstadt.de\/?opal_service=physical-therapy\"> \n                            \n                       <\/a>\n                    <\/div>\n                            <\/div>\n        <\/div><!-- .entry-content -->\n    <\/div>\n    \n<\/article><!-- #post-## -->\n\t\r\n\t\t\t\t\t\t\t\t\t\t\t\t\t<\/div>\r\n\t\t\t\t\t\t\t\t\t\t\t<div class=\"column-item \">\r\n\t\t\t\t\t\t\t\t\t\t\t\t\t\t\t<article itemscope itemtype=\"http:\/\/schema.org\/Service\" class=\"page post-134 opal_service type-opal_service status-publish has-post-thumbnail hentry opalservice_category_service-outpatient-rehabilitation\">\n        <div class=\"service-wrapper\">\n                    <div class=\"entry-header\">\n                                    <div class=\"service-box-image\">\n                        <a href=\"https:\/\/allgemeinmedizin-waibstadt.de\/?opal_service=cardiology\" class=\"service-box-image-inner \">\n                            <img loading=\"lazy\" decoding=\"async\" width=\"365\" height=\"297\" src=\"https:\/\/allgemeinmedizin-waibstadt.de\/wp-content\/uploads\/2019\/04\/Unbenaddnnt-4.png\" class=\"attachment-drchanges-service-image-custom size-drchanges-service-image-custom wp-post-image\" alt=\"\" srcset=\"https:\/\/allgemeinmedizin-waibstadt.de\/wp-content\/uploads\/2019\/04\/Unbenaddnnt-4.png 365w, https:\/\/allgemeinmedizin-waibstadt.de\/wp-content\/uploads\/2019\/04\/Unbenaddnnt-4-300x244.png 300w\" sizes=\"auto, (max-width: 365px) 100vw, 365px\" \/>                        <\/a>\n                    <\/div>\n                                            <\/div>\n                <div class=\"entry-content\">\n            <h4 class=\"service-title\"><a href=\"https:\/\/allgemeinmedizin-waibstadt.de\/?opal_service=cardiology\" rel=\"bookmark\">Diagnostik<\/a><\/h4>                        <div class=\"service-content\">\n                                    <div class=\"service-description ssss\">\n                        Einsatz modernster Ger\u00e4te- und Labordiagnostik zur Befundung. Read More                    <\/div>\n                                                    <div class=\"service-readmore\">\n                        <a class=\"drchanges-read-more-link\" href=\"https:\/\/allgemeinmedizin-waibstadt.de\/?opal_service=cardiology\"> \n                            \n                       <\/a>\n                    <\/div>\n                            <\/div>\n        <\/div><!-- .entry-content -->\n    <\/div>\n    \n<\/article><!-- #post-## -->\n\t\r\n\t\t\t\t\t\t\t\t\t\t\t\t\t<\/div>\r\n\t\t\t\t\t\t\t\t\t\t\t<div class=\"column-item \">\r\n\t\t\t\t\t\t\t\t\t\t\t\t\t\t\t<article itemscope itemtype=\"http:\/\/schema.org\/Service\" class=\"page post-133 opal_service type-opal_service status-publish has-post-thumbnail hentry opalservice_category_service-outpatient-rehabilitation\">\n        <div class=\"service-wrapper\">\n                    <div class=\"entry-header\">\n                                    <div class=\"service-box-image\">\n                        <a href=\"https:\/\/allgemeinmedizin-waibstadt.de\/?opal_service=surgery\" class=\"service-box-image-inner \">\n                            <img loading=\"lazy\" decoding=\"async\" width=\"365\" height=\"297\" src=\"https:\/\/allgemeinmedizin-waibstadt.de\/wp-content\/uploads\/2019\/04\/Unbenaddnnt-3.png\" class=\"attachment-drchanges-service-image-custom size-drchanges-service-image-custom wp-post-image\" alt=\"\" srcset=\"https:\/\/allgemeinmedizin-waibstadt.de\/wp-content\/uploads\/2019\/04\/Unbenaddnnt-3.png 365w, https:\/\/allgemeinmedizin-waibstadt.de\/wp-content\/uploads\/2019\/04\/Unbenaddnnt-3-300x244.png 300w\" sizes=\"auto, (max-width: 365px) 100vw, 365px\" \/>                        <\/a>\n                    <\/div>\n                                            <\/div>\n                <div class=\"entry-content\">\n            <h4 class=\"service-title\"><a href=\"https:\/\/allgemeinmedizin-waibstadt.de\/?opal_service=surgery\" rel=\"bookmark\">Vorsorgeuntersuchungen<\/a><\/h4>                        <div class=\"service-content\">\n                                    <div class=\"service-description ssss\">\n                        Krankheiten oder individuelle Risiken fr\u00fchzeitig erkennen. Read More                    <\/div>\n                                                    <div class=\"service-readmore\">\n                        <a class=\"drchanges-read-more-link\" href=\"https:\/\/allgemeinmedizin-waibstadt.de\/?opal_service=surgery\"> \n                            \n                       <\/a>\n                    <\/div>\n                            <\/div>\n        <\/div><!-- .entry-content -->\n    <\/div>\n    \n<\/article><!-- #post-## -->\n\t\r\n\t\t\t\t\t\t\t\t\t\t\t\t\t<\/div>\r\n\t\t\t\t\t\t\t\t\t\t\t<div class=\"column-item  first-child\">\r\n\t\t\t\t\t\t\t\t\t\t\t\t\t\t\t<article itemscope itemtype=\"http:\/\/schema.org\/Service\" class=\"page post-132 opal_service type-opal_service status-publish has-post-thumbnail hentry opalservice_category_service-pediatric-clinic\">\n        <div class=\"service-wrapper\">\n                    <div class=\"entry-header\">\n                                    <div class=\"service-box-image\">\n                        <a href=\"https:\/\/allgemeinmedizin-waibstadt.de\/?opal_service=laboratory-services\" class=\"service-box-image-inner \">\n                            <img loading=\"lazy\" decoding=\"async\" width=\"365\" height=\"297\" src=\"https:\/\/allgemeinmedizin-waibstadt.de\/wp-content\/uploads\/2019\/04\/Unbenaddnnt-1.png\" class=\"attachment-drchanges-service-image-custom size-drchanges-service-image-custom wp-post-image\" alt=\"\" srcset=\"https:\/\/allgemeinmedizin-waibstadt.de\/wp-content\/uploads\/2019\/04\/Unbenaddnnt-1.png 365w, https:\/\/allgemeinmedizin-waibstadt.de\/wp-content\/uploads\/2019\/04\/Unbenaddnnt-1-300x244.png 300w\" sizes=\"auto, (max-width: 365px) 100vw, 365px\" \/>                        <\/a>\n                    <\/div>\n                                            <\/div>\n                <div class=\"entry-content\">\n            <h4 class=\"service-title\"><a href=\"https:\/\/allgemeinmedizin-waibstadt.de\/?opal_service=laboratory-services\" rel=\"bookmark\">Impfungen<\/a><\/h4>                        <div class=\"service-content\">\n                                    <div class=\"service-description ssss\">\n                        Impfungen sch\u00fctzen Sie wirksam und vermeiden Folgesch\u00e4den. Read More                    <\/div>\n                                                    <div class=\"service-readmore\">\n                        <a class=\"drchanges-read-more-link\" href=\"https:\/\/allgemeinmedizin-waibstadt.de\/?opal_service=laboratory-services\"> \n                            \n                       <\/a>\n                    <\/div>\n                            <\/div>\n        <\/div><!-- .entry-content -->\n    <\/div>\n    \n<\/article><!-- #post-## -->\n\t\r\n\t\t\t\t\t\t\t\t\t\t\t\t\t<\/div>\r\n\t\t\t\t\t\t\t\t\t\t\t<div class=\"column-item \">\r\n\t\t\t\t\t\t\t\t\t\t\t\t\t\t\t<article itemscope itemtype=\"http:\/\/schema.org\/Service\" class=\"page post-131 opal_service type-opal_service status-publish has-post-thumbnail hentry opalservice_category_service-pediatric-clinic\">\n        <div class=\"service-wrapper\">\n                    <div class=\"entry-header\">\n                                    <div class=\"service-box-image\">\n                        <a href=\"https:\/\/allgemeinmedizin-waibstadt.de\/?opal_service=therapeutics-services\" class=\"service-box-image-inner \">\n                            <img loading=\"lazy\" decoding=\"async\" width=\"380\" height=\"320\" src=\"https:\/\/allgemeinmedizin-waibstadt.de\/wp-content\/uploads\/2021\/06\/faq-380x320.png\" class=\"attachment-drchanges-service-image-custom size-drchanges-service-image-custom wp-post-image\" alt=\"\" \/>                        <\/a>\n                    <\/div>\n                                            <\/div>\n                <div class=\"entry-content\">\n            <h4 class=\"service-title\"><a href=\"https:\/\/allgemeinmedizin-waibstadt.de\/?opal_service=therapeutics-services\" rel=\"bookmark\">Reisemedizin<\/a><\/h4>                        <div class=\"service-content\">\n                                    <div class=\"service-description ssss\">\n                        Ihre Gesundheit sch\u00fctzen und den Urlaub entspannt genie\u00dfen. Read More                    <\/div>\n                                                    <div class=\"service-readmore\">\n                        <a class=\"drchanges-read-more-link\" href=\"https:\/\/allgemeinmedizin-waibstadt.de\/?opal_service=therapeutics-services\"> \n                            \n                       <\/a>\n                    <\/div>\n                            <\/div>\n        <\/div><!-- .entry-content -->\n    <\/div>\n    \n<\/article><!-- #post-## -->\n\t\r\n\t\t\t\t\t\t\t\t\t\t\t\t\t<\/div>\r\n\t\t\t\t\t\t\t\t\t\t\t<div class=\"column-item \">\r\n\t\t\t\t\t\t\t\t\t\t\t\t\t\t\t<article itemscope itemtype=\"http:\/\/schema.org\/Service\" class=\"page post-130 opal_service type-opal_service status-publish has-post-thumbnail hentry opalservice_category_service-cardiac-clinicy\">\n        <div class=\"service-wrapper\">\n                    <div class=\"entry-header\">\n                                    <div class=\"service-box-image\">\n                        <a href=\"https:\/\/allgemeinmedizin-waibstadt.de\/?opal_service=diagnostics-services\" class=\"service-box-image-inner \">\n                            <img loading=\"lazy\" decoding=\"async\" width=\"365\" height=\"297\" src=\"https:\/\/allgemeinmedizin-waibstadt.de\/wp-content\/uploads\/2019\/04\/Unbenaddnnt-2.png\" class=\"attachment-drchanges-service-image-custom size-drchanges-service-image-custom wp-post-image\" alt=\"\" srcset=\"https:\/\/allgemeinmedizin-waibstadt.de\/wp-content\/uploads\/2019\/04\/Unbenaddnnt-2.png 365w, https:\/\/allgemeinmedizin-waibstadt.de\/wp-content\/uploads\/2019\/04\/Unbenaddnnt-2-300x244.png 300w\" sizes=\"auto, (max-width: 365px) 100vw, 365px\" \/>                        <\/a>\n                    <\/div>\n                                            <\/div>\n                <div class=\"entry-content\">\n            <h4 class=\"service-title\"><a href=\"https:\/\/allgemeinmedizin-waibstadt.de\/?opal_service=diagnostics-services\" rel=\"bookmark\">Tauglichkeitsuntersuchungen<\/a><\/h4>                        <div class=\"service-content\">\n                                    <div class=\"service-description ssss\">\n                        Fahrtauglichkeitsuntersuchungen und Gesundheitsatteste f\u00fcr Sie! Read More                    <\/div>\n                                                    <div class=\"service-readmore\">\n                        <a class=\"drchanges-read-more-link\" href=\"https:\/\/allgemeinmedizin-waibstadt.de\/?opal_service=diagnostics-services\"> \n                            \n                       <\/a>\n                    <\/div>\n                            <\/div>\n        <\/div><!-- .entry-content -->\n    <\/div>\n    \n<\/article><!-- #post-## -->\n\t\r\n\t\t\t\t\t\t\t\t\t\t\t\t\t<\/div>\r\n\t\t\t\t\t\t\t\t\t<\/div>\r\n\t\t\t\t\t<\/div>\t\r\n\t<\/div>\r\n\t\t<\/div>\n\t\t\t\t<\/div>\n\t\t\t\t\t<\/div>\n\t\t<\/div>\n\t\t\t\t\t\t\t<\/div>\n\t\t<\/section>\n\t\t\t\t\t\t\t<\/div>\n\t\t","protected":false},"excerpt":{"rendered":"<p>Unsere Leistungen Als internistische Hausarztpraxis bieten wir Ihnen alle Leistungen an, die im Rahmen der kassen\u00e4rztlichen Versorgung vorgesehen sind. Dazu sind wir mit modernster Ger\u00e4te- und Labordiagnostik ausgestattet. Allgemeinmedizin Ansprechpartner f\u00fcr Ihre medizinische Fragestellungen. Read More Diagnostik Einsatz modernster Ger\u00e4te- und Labordiagnostik zur Befundung. Read More Vorsorgeuntersuchungen Krankheiten oder individuelle Risiken fr\u00fchzeitig erkennen. Read More <\/p>\n<div class=\"drchanges-read-more-link-wrap\"><a class=\"drchanges-read-more-link\" href=\"https:\/\/allgemeinmedizin-waibstadt.de\/?opal_service=diagnostics-services\">Read More<\/a><\/div>\n","protected":false},"author":1,"featured_media":0,"parent":0,"menu_order":0,"comment_status":"closed","ping_status":"closed","template":"","meta":{"footnotes":""},"class_list":["post-96","page","type-page","status-publish","hentry"],"_links":{"self":[{"href":"https:\/\/allgemeinmedizin-waibstadt.de\/index.php?rest_route=\/wp\/v2\/pages\/96","targetHints":{"allow":["GET"]}}],"collection":[{"href":"https:\/\/allgemeinmedizin-waibstadt.de\/index.php?rest_route=\/wp\/v2\/pages"}],"about":[{"href":"https:\/\/allgemeinmedizin-waibstadt.de\/index.php?rest_route=\/wp\/v2\/types\/page"}],"author":[{"embeddable":true,"href":"https:\/\/allgemeinmedizin-waibstadt.de\/index.php?rest_route=\/wp\/v2\/users\/1"}],"replies":[{"embeddable":true,"href":"https:\/\/allgemeinmedizin-waibstadt.de\/index.php?rest_route=%2Fwp%2Fv2%2Fcomments&post=96"}],"version-history":[{"count":40,"href":"https:\/\/allgemeinmedizin-waibstadt.de\/index.php?rest_route=\/wp\/v2\/pages\/96\/revisions"}],"predecessor-version":[{"id":2391,"href":"https:\/\/allgemeinmedizin-waibstadt.de\/index.php?rest_route=\/wp\/v2\/pages\/96\/revisions\/2391"}],"wp:attachment":[{"href":"https:\/\/allgemeinmedizin-waibstadt.de\/index.php?rest_route=%2Fwp%2Fv2%2Fmedia&parent=96"}],"curies":[{"name":"wp","href":"https:\/\/api.w.org\/{rel}","templated":true}]}}